2054 = 690. What is the remainder when q is divided by 9?
7
Let a(u) = 56*u - 6. Let j(i) = 3*i + 54. Let g be j(-15). Let o be a(g). Suppose 0*z + 6*z - o = 0. What is the remainder when z is divided by 43?
40
Let u = 1170 + -1009. What is the remainder when u is divided by 10?
1
Suppose -s - 4*b + 93 = 0, -267 = -2*s - 2*s - b. Calculate the remainder when s is divided by 26.
13
Suppose 0 = 2*r - v - 22, 52 = -528*r + 533*r - 3*v. What is the remainder when 2647 is divided by r?
1
Suppose 0 = -0*l - 5*l + 220. Let u = -4297 - -4304. What is the remainder when l is divided by u?
2
Let g(m) = -m**2 - 47*m - 108. Let u be g(-44). Suppose 0 = -23*q + 22 + u. Calculate the remainder when 2 is divided by q.
0
Let a(v) = -v**2 + 12*v + 6. Let n(z) = -2*z**2 + 18*z + 13. What is the remainder when a(9) is divided by n(9)?
7
Suppose 2*q - 32 - 14 = 0. Let o(t) = -8*t**2 - 367*t + 55. Calculate the remainder when q is divided by o(-46).
5
Suppose 683*l - 687*l + 16 = 2*v, -5*l - 2*v = -23. Calculate the remainder when 596 is divided by l.
1
Suppose 85 = a - 39. What is the remainder when a is divided by 120?
4
Suppose -20 = 4*l, 51*d - 58*d + 335 = -4*l. Calculate the remainder when 3624 is divided by d.
24
Suppose x = 3*p - 163, 24*x - 27*x = 5*p - 253. Calculate the remainder when 1658/8 + 2 - 12/48 is divided by p.
50
Let m = 57 - 63. Let q be m/(-15) - 2/5. Let s = 9 - q. Calculate the remainder when 14 is divided by s.
5
Let s = 7071 - 7060. Let a = 79 + -51. What is the remainder when a is divided by s?
6
Let g(k) = 2*k**3 - 2*k**2 + 3*k + 2. Let i be (-20)/(-4) + (-11)/((-77)/28). Calculate the remainder when g(3) is divided by 16/(-8 + 18 - i).
15
Let y be 6*2/(-28) + (-380)/(-70). Suppose -5*h = -o - 267, y*o - 275 + 20 = -5*h. What is the remainder when h is divided by 12?
5
Let c(n) = 7*n - 45. Let g(m) = -4*m + 23. Let j(b) = 3*c(b) + 5*g(b). Let h be j(-20). Calculate the remainder when h/3*(-15)/10 is divided by 6.
2
Let d(k) = 68*k - 122*k + 61*k + k**2. What is the remainder when 114 is divided by d(3)?
24
Suppose 7*u = 3*u + 2*w + 356, 5*u + 5*w = 460. Suppose -7*q = -3*g - 3*q + u, 4*g - 89 = -5*q. What is the remainder when 128 is divided by g?
24
Let r = -10 - -126. Suppose -8*h + r = -60. Calculate the remainder when 109 is divided by h.
21
Let m = 37 + -37. Let b be (0/(-1 + m))/(1 + 1). Suppose b = -2*l - 10, 5*s - 4*l + 32 = 157. Calculate the remainder when 102 is divided by s.
18
Let k(v) = 4*v**3 + 2*v**2 + v - 2. Let a be k(-1). What is the remainder when 87 is divided by (((-230)/(-25))/(-2) - -3)*a?
7
Let d(s) = -s**3 + 29*s**2 + 31*s + 38. Let g be d(30). Suppose o = 126 + g. What is the remainder when o is divided by 39?
38
Suppose -10*z = -2945 - 2195. Let n = z - 494. Let j = 22 - 11. What is the remainder when n is divided by j?
9
Let h be (2 - 6) + 0 + -12. Let b be (-1 - 21/9)*(h - -13). Let f(i) = -3*i + 48. Calculate the remainder when 53 is divided by f(b).
17
Let t = 74 + -69. Suppose -3*h + h + 182 = t*d, 4*d - 156 = h. Calculate the remainder when 148 is divided by d.
34
Let k = 10861 + -10165. What is the remainder when k is divided by 211?
63
Let c(u) = 8*u - 521. Calculate the remainder when c(74) is divided by 31.
9
Let h(v) = -v**3 + 15*v**2 + 17*v - 10. Let y be h(16). Calculate the remainder when -1 + 9 + (3 - y) is divided by (-2)/(-2 + 0/4).
0
Suppose 0 = 583*v - 585*v + 132. What is the remainder when 98 is divided by v?
32
Let g = 276 + -250. Suppose -4*t + 5*w - 44 = -230, 235 = 5*t - 5*w. What is the remainder when t is divided by g?
23
Let w = -115 + 106. Calculate the remainder when (0/(-1) - -34)*w/(-6) is divided by 26.
25
Let o = -4440 - -6028. Calculate the remainder when o is divided by 25.
13
Let u(h) = -2*h + 2. Suppose 0 = 4*z + 12, -2*y - 5*z = -0*y + 23. Let w be 3/(y - 15/(-6)). What is the remainder when 11 is divided by u(w)?
5
Suppose 3088 = 5*a + 4*t, -3128 = -5*a - 0*t + t. What is the remainder when a is divided by 33?
30
Calculate the remainder when 229 is divided by (-3976)/(-84) + (18/(-6) - (-16)/6).
41
Suppose 18*z + 4*w = 13*z - 245, 3*z - w = -164. Suppose -3*d = 2*d - 115. What is the remainder when 0 - 0 - (-14 + z) is divided by d?
21
What is the remainder when 406 + (21 + -15)/(-3 - 18/(-8)) is divided by 141?
116
Suppose -2*o - 2 = -6. Suppose -o*g - 5*b = -0*g - 11, 0 = -5*g + b + 68. What is the remainder when 34 is divided by g + -9 - (-2 - -1)?
4
Let l be (-1)/(2/(-7) + 18/(-84)). Suppose -3*q + q = 4*h - 1312, l*h - 5*q - 644 = 0. What is the remainder when h is divided by 30?
27
Let l = -6529 - -6651. What is the remainder when 611 is divided by l?
1
Suppose -14*p + 9*p = 5*j - 4710, 4*j = -p + 930. Calculate the remainder when p is divided by 228.
34
Suppose -10*f + 517 = -5*f - 4*u, 2*f - 212 = -u. Calculate the remainder when f is divided by 73.
32
Let v = 1916 + -1689. What is the remainder when v is divided by 47?
39
Suppose -3*u - 3*m = -m - 25, 5*m = 5*u - 25. Let o be ((-2 + 2)/(-4))/(-2). Suppose o = 2*x + 99 - 165. What is the remainder when x is divided by u?
5
Let h(g) = 152*g - 13. What is the remainder when h(1) is divided by 81?
58
Let i be -1 + -2 + 6 + -2. Suppose -6*w = 18*w - 312. Let l = w + i. What is the remainder when 40 is divided by l?
12
Calculate the remainder when (71 - 71)/(-3*(-1)/3) - -71 is divided by 34.
3
Let w(p) = 14*p + 2. Let o = -87 - -91. What is the remainder when (-1260)/24*o/(-5) is divided by w(1)?
10
Let h(k) = -k**3 - 21*k**2 - 22*k - 11. Suppose -o + 321 - 90 = 0. What is the remainder when o is divided by h(-20)?
28
Let z(f) = f**2 + 3. Let d(i) = 3*i**2 - 49*i - 1796. Calculate the remainder when z(3) is divided by d(34).
0
Suppose 2*u = 4*o - 30, -3*o + 2 = -5*u - 3. Suppose 0 = o*f - 3*f - 364. Calculate the remainder when f is divided by 19.
14
Let j = -19 + 24. Suppose 4*b - 4 = -0. What is the remainder when (-15)/10*(b - 7) is divided by j?
4
Suppose -5417 = -34*j + 1145. Let d = j + -164. Calculate the remainder when d is divided by 5.
4
Suppose -2*l + 297 = -g, -20*l + 5*g = -17*l - 456. Calculate the remainder when 1766 is divided by l.
2
Let i(k) = 2*k**3 - 26*k**2 - 54*k + 275. What is the remainder when i(15) is divided by 79?
49
Let l(z) = 1 + 39*z**2 - 54*z - 37*z - 46*z + 45*z + 2. What is the remainder when l(3) is divided by (-1)/4 - 65/(-4)?
14
Let w = 34 - 12. Suppose -4*y - 2328 = 3*j + 63, j - 5*y = -816. Let t = j - -879. Calculate the remainder when t is divided by w.
12
Suppose q - 29 = 4*r, 90 = 2*q + r + 32. Let c(k) = 88*k + 31 - 47*k - 42*k. What is the remainder when q is divided by c(14)?
12
Suppose 0 = -2*i - 3*i, -x + 4201 = i + 325. Calculate the remainder when x is divided by 40.
36
Let i be -1*((-3)/(-7) - (-4836)/84). Let s = i - -63. Suppose z + 43 = 2*j, s*j - 6*z + z = 100. What is the remainder when j is divided by 10?
3
Let z be (-16 + 8)/(-3 + 1). Suppose -z*v + 21 = 9. Suppose -5*c = 2*y - 40, -21*y = -5*c - 22*y + 40. What is the remainder when c is divided by v?
2
Suppose 14*r - 13*r - 2 = 0. Suppose -r*u + 74 = -102. Suppose 0 = 2*k + 26 - u. Calculate the remainder when k is divided by 8.
7
Let a = -47218 - -47260. Suppose -121 = g - 371. What is the remainder when g is divided by a?
40
Suppose 0*h - 50 = -5*h. Let p(d) = -34*d + 916. Calculate the remainder when p(25) is divided by h.
6
Suppose 20216 + 57532 = 124*s. What is the remainder when s is divided by 34?
15
Let q(n) = -2*n**3 + 22*n**2 - 13*n - 43. Let a = 15 - 15. Let d(m) = -m**3 + 10. What is the remainder when q(10) is divided by d(a)?
7
Suppose -58*q = -53*q - 1655. Suppose 2*l + 2 = -w + q, 4*l + 937 = 3*w. What is the remainder when w is divided by 40?
39
Let y be 2/((-2)/(-3)) - (-4 + 1). Suppose 5*w = y + 4. Suppose -2*u + 458 + 59 = 5*k, -2*k = w*u - 208. What is the remainder when k is divided by 13?
12
Let d(k) = 15*k - 85. Let m be d(5). Let x(c) = -4*c**2 - 39*c + 57. Calculate the remainder when 158 is divided by x(m).
17
Suppose 3631 = 235*z - 1069. What is the remainder when 1002 is divided by z?
2
Let x = -13208 - -21043. What is the remainder when x is divided by 16?
11
Suppose 5*b - 85 = 2*v, -2*b - 2*b = 3*v - 45. Suppose 2*c = -3*c + 510. What is the remainder when c is divided b